f 2588?
2, 647
What are the prime factors of 3775?
5, 151
List the prime factors of 1824.
2, 3, 19
List the prime factors of 2827.
11, 257
What are the prime factors of 13389?
3, 4463
What are the prime factors of 10669?
47, 227
What are the prime factors of 899?
29, 31
What are the prime factors of 778?
2, 389
What are the prime factors of 1404?
2, 3, 13
List the prime factors of 1201.
1201
List the prime factors of 91473.
3, 30491
List the prime factors of 5164.
2, 1291
What are the prime factors of 17201?
103, 167
What are the prime factors of 38310?
2, 3, 5, 1277
What are the prime factors of 35181?
3, 1303
List the prime factors of 13586.
2, 6793
What are the prime factors of 7412?
2, 17, 109
What are the prime factors of 17421?
3, 5807
What are the prime factors of 4002?
2, 3, 23, 29
What are the prime factors of 1076?
2, 269
List the prime factors of 10447.
31, 337
What are the prime factors of 19816?
2, 2477
What are the prime factors of 5094?
2, 3, 283
List the prime factors of 285.
3, 5, 19
What are the prime factors of 61?
61
List the prime factors of 7338.
2, 3, 1223
List the prime factors of 1516.
2, 379
What are the prime factors of 11200?
2, 5, 7
List the prime factors of 863.
863
List the prime factors of 671.
11, 61
List the prime factors of 1247.
29, 43
What are the prime factors of 455?
5, 7, 13
What are the prime factors of 6065?
5, 1213
What are the prime factors of 150?
2, 3, 5
What are the prime factors of 31734?
2, 3, 41, 43
List the prime factors of 2086.
2, 7, 149
List the prime factors of 7089.
3, 17, 139
List the prime factors of 959.
7, 137
What are the prime factors of 2000?
2, 5
What are the prime factors of 4052?
2, 1013
List the prime factors of 20193.
3, 53, 127
What are the prime factors of 624?
2, 3, 13
List the prime factors of 999.
3, 37
List the prime factors of 571.
571
What are the prime factors of 12008?
2, 19, 79
What are the prime factors of 4501?
7, 643
What are the prime factors of 158030?
2, 5, 15803
List the prime factors of 19486.
2, 9743
List the prime factors of 16827.
3, 71, 79
What are the prime factors of 2239?
2239
What are the prime factors of 2789?
2789
What are the prime factors of 87219?
3, 11, 881
List the prime factors of 12735.
3, 5, 283
What are the prime factors of 5389?
17, 317
What are the prime factors of 64?
2
What are the prime factors of 484?
2, 11
List the prime factors of 44876.
2, 13, 863
List the prime factors of 1527.
3, 509
What are the prime factors of 2094?
2, 3, 349
List the prime factors of 35688.
2, 3, 1487
List the prime factors of 1037.
17, 61
What are the prime factors of 138?
2, 3, 23
List the prime factors of 2895.
3, 5, 193
List the prime factors of 54441.
3, 23, 263
What are the prime factors of 15750?
2, 3, 5, 7
What are the prime factors of 17143?
7, 31, 79
What are the prime factors of 9934?
2, 4967
What are the prime factors of 7818?
2, 3, 1303
What are the prime factors of 95725?
5, 7, 547
List the prime factors of 27751.
27751
What are the prime factors of 30641?
13, 2357
What are the prime factors of 1770?
2, 3, 5, 59
List the prime factors of 427.
7, 61
List the prime factors of 855.
3, 5, 19
List the prime factors of 5454.
2, 3, 101
List the prime factors of 106902.
2, 3, 5939
List the prime factors of 79350.
2, 3, 5, 23
List the prime factors of 7517.
7517
What are the prime factors of 8489?
13, 653
List the prime factors of 137.
137
What are the prime factors of 152314?
2, 76157
What are the prime factors of 554?
2, 277
What are the prime factors of 2343?
3, 11, 71
List the prime factors of 13088.
2, 409
What are the prime factors of 5495?
5, 7, 157
What are the prime factors of 33483?
3, 11161
List the prime factors of 46077.
3, 15359
What are the prime factors of 28134?
2, 3, 521
What are the prime factors of 35017?
19, 97
What are the prime factors of 397?
397
What are the prime factors of 57954?
2, 3, 13, 743
What are the prime factors of 5165?
5, 1033
List the prime factors of 35098.
2, 7, 23, 109
What are the prime factors of 35629?
11, 41, 79
What are the prime factors of 26864?
2, 23, 73
List the prime factors of 5966.
2, 19, 157
List the prime factors of 3270.
2, 3, 5, 109
What are the prime factors of 35?
5, 7
List the prime factors of 1080.
2, 3, 5
List the prime factors of 252.
2, 3, 7
What are the prime factors of 20590?
2, 5, 29, 71
What are the prime factors of 5065?
5, 1013
What are the prime factors of 8065?
5, 1613
List the prime factors of 10329.
3, 11, 313
What are the prime factors of 8482?
2, 4241
List the prime factors of 1816.
2, 227
List the prime factors of 48742.
2, 24371
What are the prime factors of 352?
2, 11
List the prime factors of 6824.
2, 853
What are the prime factors of 5746?
2, 13, 17
List the prime factors of 2613.
3, 13, 67
List the prime factors of 8488.
2, 1061
List the prime factors of 1175.
5, 47
What are the prime factors of 473?
11, 43
List the prime factors of 103521.
3, 11, 3137
List the prime factors of 733.
733
List the prime factors of 1288.
2, 7, 23
List the prime factors of 2429.
7, 347
What are the prime factors of 8128?
2, 127
What are the prime factors of 23406?
2, 3, 47, 83
What are the prime factors of 3267?
3, 11
What are the prime factors of 11174?
2, 37, 151
List the prime factors of 3419.
13, 263
What are the prime factors of 36672?
2, 3, 191
List the prime factors of 683.
683
List the prime factors of 100150.
2, 5, 2003
What are the prime factors of 96740?
2, 5, 7, 691
List the prime factors of 456.
2, 3, 19
What are the prime factors of 19049?
43, 443
List the prime factors of 13278.
2, 3, 2213
List the prime factors of 39614.
2, 29, 683
What are the prime factors of 839?
839
What are the prime factors of 49044?
2, 3, 61, 67
What are the prime factors of 4101?
3, 1367
List the prime factors of 21390.
2, 3, 5, 23, 31
What are the prime factors of 21833?
7, 3119
List the prime factors of 717.
3, 239
List the prime factors of 92575.
5, 7, 23
What are the prime factors of 661?
661
List the prime factors of 17119.
17, 19, 53
List the prime factors of 9425.
5, 13, 29
What are the prime factors of 3853?
3853
What are the prime factors of 48387?
3, 127
What are the prime factors of 70551?
3, 13, 67
What are the prime factors of 41104?
2, 7, 367
What are the prime factors of 790?
2, 5, 79
What are the prime factors of 17347?
11, 19, 83
What are the prime factors of 1370?
2, 5, 137
What are the prime factors of 3036?
2, 3, 11, 23
List the prime factors of 966.
2, 3, 7, 23
List the prime factors of 27149.
17, 1597
What are the prime factors of 1208?
2, 151
What are the prime factors of 8064?
2, 3, 7
List the prime factors of 95821.
11, 31, 281
What are the prime factors of 3496?
2, 19, 23
What are the prime factors of 632?
2, 79
What are the prime factors of 51568?
2, 11, 293
List the prime factors of 3495.
3, 5, 233
What are the prime factors of 684?
2, 3, 19
List the prime factors of 32300.
2, 5, 17, 19
What are the prime factors of 40711?
11, 3701
List the prime factors of 4136.
2, 11, 47
List the prime factors of 4716.
2, 3, 131
What are the prime factors of 12252?
2, 3, 1021
What are the prime factors of 6762?
2, 3, 7, 23
What are the prime factors of 8797?
19, 463
List the prime factors of 7170.
2, 3, 5, 239
List the prime factors of 53623.
53623
What are the prime factors of 19984?
2, 1249
List the prime factors of 1017.
3, 113
List the prime factors of 4204.
2, 1051
List the prime factors of 3435.
3, 5, 229
List the prime factors of 20129.
20129
List the prime factors of 24321.
3, 11, 67
List the prime factors of 3444.
2, 3, 7, 41
What are the prime factors of 1425?
3, 5, 19
What are the prime factors of 10038?
2, 3, 7, 239
What are the prime factors of 57832?
2, 7229
List the prime factors of 2025.
3, 5
What are the prime factors of 974?
2, 487
What are the prime factors of 105380?
2, 5, 11, 479
What are the prime factors of 691?
691
What are the prime factors of 5289?
3, 41, 43
List the prime factors of 15844.
2, 17, 233
What are the prime factors of 1127?
7, 23
What are the prime factors of 68868?
2, 3, 1913
List the prime factors of 63732.
2, 3, 47, 113
What are the prime factors of 133137?
3, 4931
List the prime factors of 959.
7, 137
List the prime factors of 2847.
3, 13, 73
